. Suppose 96 = n*v - 2*v. List the prime factors of v.
2
List the prime factors of (-9 + (-4378)/(-66))*1353.
2, 11, 41, 43
Let s be 5294/4 + 3 - 6/12. Suppose -2*z + 4*t = -2676, -z + 11*t = 13*t - s. What are the prime factors of z?
2, 3, 37
Suppose 3*n - 496 = -b, -402 = -3*n + b + 104. What are the prime factors of n?
167
Let s = 29334 - 1517. List the prime factors of s.
27817
Let d(j) = j**2 + 2*j - 6. Let l be d(-4). Suppose -8*z + 4*z = l*a - 8, 0 = -a + 2*z. List the prime factors of (0 + -47)*(1 - a/1).
47
Suppose 25075 = 4*u + 3*n - 131643, -5*u + 2*n + 195886 = 0. List the prime factors of u.
2, 19, 1031
Suppose -253348 = -5*r - 913*s + 912*s, 0 = -5*r - 2*s + 253341. What are the prime factors of r?
50671
Let v(h) be the second derivative of -h**5/10 - 11*h**4/12 - 5*h**3/3 + 17*h**2/2 + 79*h. What are the prime factors of v(-8)?
3, 139
Suppose 0 = 3*v + 12, v = -d - d + 10. Let q = d - -29. Suppose y + y + 93 = 3*r, 0 = -r - y + q. List the prime factors of r.
3, 11
Let i = 642 + -645. List the prime factors of (3162/15)/(i/(-15)).
2, 17, 31
Let j = 45640 - 31880. What are the prime factors of j?
2, 5, 43
Let w = 177 + -350. Let n = 256 - w. What are the prime factors of n?
3, 11, 13
Suppose 93 - 8 = 5*j. Suppose j = s - 74. Let z = 26 + s. List the prime factors of z.
3, 13
Let b(k) = -37*k + 227. Let z be b(6). Suppose -l = -5*f + 4654, -5*l - 2668 = -z*f + 2002. List the prime factors of f.
2, 3, 5, 31
Let z be (3/5)/(12/(-120)). Let v(n) = -6*n**3 + 3*n**2 + 22*n + 8. What are the prime factors of v(z)?
2, 5
Let b = -128 - -219. Suppose 2*x = b + 159. Let s = 300 - x. List the prime factors of s.
5, 7
Let h(k) be the third derivative of -k**6/120 + k**5/10 + k**4/4 + 23*k**3/3 + 6*k**2. List the prime factors of h(-5).
3, 97
Suppose -12*u - 2*v + 715641 - 36897 = 0, -4*u + 226248 = -v. What are the prime factors of u?
2, 3, 11, 857
Suppose -5*g + 744 = 2*b, -2*b + 732 = -9*g + 11*g. Suppose -4*u = -1662 + b. List the prime factors of u.
5, 13
Suppose 6*c + 8 = 2*c. Let g(z) = 14*z**2 + 7*z + 4. Let m be g(c). List the prime factors of m/161 - (1144/(-14) - 0).
2, 41
Suppose 0 = 2*p - 0 + 2. Let b = 263 + -323. List the prime factors of (210/(-18))/(b/(-63) + p).
5, 7
Suppose 4219 + 2085 = 32*y. Suppose 3*q + 11 = -6*u + 2*u, 3*u + 15 = 0. Suppose q*s = -5 + y. List the prime factors of s.
2
Let x(b) = b**2 - b. Let j be x(-1). Suppose -4*g = -3*g - j*w + 13, 0 = -3*g + 5*w - 35. What are the prime factors of (58/g)/((35/75)/(-7))?
2, 3, 29
Let k = 178025 + -126221. List the prime factors of k.
2, 3, 1439
Suppose 16 + 0 = 3*j + 4*h, 0 = -5*h + 5. Suppose t = 3*k + 93, 2*t - 136 = -0*t - j*k. What are the prime factors of t?
2, 3, 13
Let z(h) = 323*h + 7. Let v(i) = 13*i - 128. Let x be v(10). List the prime factors of z(x).
653
Suppose 131*z - 135*z = -2408. Suppose -32*n + z = -31*n. List the prime factors of n.
2, 7, 43
Suppose -9182791 = -222*o + 41*o + 594829. What are the prime factors of o?
2, 5, 37, 73
Let x(v) = v**3 + 6*v**2 + 6*v + 2. Let a be x(-5). Let d = 107 - a. Suppose 5*z + d - 620 = 0. What are the prime factors of z?
2, 3, 17
Let t be (-2)/(-4)*(-6 - -4). List the prime factors of ((400/(-30))/((-4)/(-114)))/t.
2, 5, 19
Let d(k) = k**3 + 6*k**2 - 4*k - 3. Let z be d(-3). Suppose 2 + 5 = -j. List the prime factors of (z/(-21) - -2) + (-166)/j.
2, 3
Let k(x) = 6*x**2 - 28*x - 18. Let m = -14 + 8. What are the prime factors of k(m)?
2, 3, 61
Suppose 1126*v = 1128*v - 2380. Suppose 0 = -3*n - 2*p + v, 4*n + 2*p - 1982 = -n. List the prime factors of n.
2, 3, 11
Let j = -88 - -94. Suppose 5*z + 1575 = r, -3*r = -4*z - j*r - 1260. Let i = -80 - z. What are the prime factors of i?
5, 47
Suppose -4169*b = -4234*b + 1727310. List the prime factors of b.
2, 3, 43, 103
Let v(p) = 4*p**2 - 2. Let c be v(-1). Suppose -u + s - 523 = u, 0 = -u + c*s - 263. Let g = -163 - u. List the prime factors of g.
2, 7
Let g be 1/(-3) + (-11)/3. Let u(y) = 7 + y - 13*y - 20 - 24*y - 8. What are the prime factors of u(g)?
3, 41
Let n(a) = 99*a**2 - 317*a + 6350. What are the prime factors of n(22)?
2, 3, 7, 563
Suppose -6160930 = -338*u - 3*u + 1341070. List the prime factors of u.
2, 5, 11
Suppose -2*q = 8 + 32. Let j be 1290/q*-2*2. Suppose -4*t + j = 2*t. List the prime factors of t.
43
Let o(a) = 159*a + 9. Let r be o(2). Suppose -21*y = -r - 1269. What are the prime factors of y?
2, 19
Suppose 0 = 25*w - 262 - 1063. Let j = 121 - 86. Let p = w - j. What are the prime factors of p?
2, 3
Suppose 2*l = -4*a - l - 218, 202 = -4*a + 5*l. Let k = -56 - a. What are the prime factors of (53/k)/(3/(-9))?
53
Suppose 332 = 4*s + 3*w, 0 = s - 8*w + 6*w - 94. List the prime factors of s.
2, 43
Suppose 4*j + 6*b = 10*b + 139328, 3*b = 0. Suppose -30*y + 13258 + j = 0. What are the prime factors of y?
7, 229
Let a(c) = 5*c**2 - 3*c + 2. Let q be a(1). Suppose q*t - 14 = -2, -t - 111 = -3*f. What are the prime factors of f?
2, 19
Let z(f) = -4700*f + 8. What are the prime factors of z(-8)?
2, 3, 1567
What are the prime factors of 4*3 + (-12851685)/(-198) - (-7)/(-2)?
2, 16229
Let i be 4*(-33)/6*-1. Let y(d) = i - 7*d - 5 + 3. List the prime factors of y(-12).
2, 13
Suppose 6*n = 15*n - 18. Suppose -n = f - 48. What are the prime factors of f?
2, 23
Suppose 3*w - 6*w = -21. Let n(m) = 14*m - 13 + 11*m - 3*m - 7*m. List the prime factors of n(w).
2, 23
Let w = 978 + -1455. Let u be 4/6*w/(-6). Let k = 9 + u. What are the prime factors of k?
2, 31
Let f = -21105 + 31801. List the prime factors of f.
2, 7, 191
Suppose -2*n + 5*d + 40169 = 0, 0 = -5*n + 2*n + 5*d + 60271. What are the prime factors of n?
2, 19, 23
Let o be ((-64)/12)/8*18/4. Let l(y) = -97*y + 11. List the prime factors of l(o).
2, 151
Let i = 4896 + -1068. What are the prime factors of i?
2, 3, 11, 29
Let m = 419 - 645. Let q = m + 476. What are the prime factors of q?
2, 5
Let t(s) = -612*s - 11097. List the prime factors of t(-110).
3, 6247
What are the prime factors of 13971/(-9)*(3 + -9)?
2, 4657
Suppose 4*y + 0*y = 4, -4*y + 458 = 2*u. Suppose 3*c - 4*z - 149 = -8*z, -5*c + 4*z + u = 0. Suppose 375 = -c*o + 52*o. List the prime factors of o.
3, 5
Suppose 0 = -5*v + 4*v - 4. List the prime factors of v/((-6)/3)*660.
2, 3, 5, 11
Let c be (-4)/((-24)/873)*(-7 - -5). Let r = c + 691. Suppose 6*x - r = 434. What are the prime factors of x?
139
Let f be (-24)/18*(-27)/2. Let g(n) = -n**3 + 17*n**2 + 24*n - 8. Let k be g(f). Let c = -29 + k. What are the prime factors of c?
71
Suppose -2*w = 0, w + 9040 = 5*c - 18590. What are the prime factors of c?
2, 3, 307
Let x be (-1)/((-2)/8) - (-22)/(-22). List the prime factors of (-10)/(10/(-615)*x).
5, 41
What are the prime factors of (-21)/((322/(-71921))/14)?
3, 7, 53, 59
List the prime factors of (3 - (-19363 - -9))*1.
13, 1489
Suppose 2*f = 4*i - 208, 5*f - 2*i = 3*i - 515. Let l = 56 - f. What are the prime factors of l?
2, 79
Suppose 0 = 4*j + 4*w - 92, 3*j = 2*j - 2*w + 24. Suppose 3*d = h + h - j, 4*h = 2*d + 28. List the prime factors of 69 - 5*((-7)/h - -1).
71
Let n(t) = -t**3 + 8*t**2 - 4*t - 23. Let m be -14*(-6)/18*(-3)/(-2). Let f be n(m). List the prime factors of f - (1 - (118 - 1)).
2, 3, 19
Suppose 5*i - 94722 = -3*f, -f - 42987 = -2*i - 5096. List the prime factors of i.
3, 5, 421
Suppose 86431 = -49*u + 749597. What are the prime factors of u?
2, 67, 101
Let m(z) be the second derivative of 3*z**4/4 - 15*z**3 + 7*z**2 - 68*z. What are the prime factors of m(12)?
2, 5, 23
List the prime factors of (-82752)/(-10)*(-3800)/(-570).
2, 431
Suppose 0 = -7*h - 3*h - 130. Let j(a) = -12*a - 7. Let d be j(h). Suppose -3*c - 285 = -4*m + 2*m, m = -5*c + d. List the prime factors of m.
2, 3
Let j = 245 + -249. What are the prime factors of ((-8)/6)/(j/1467)?
3, 163
Let c(q) = -383*q - 39. Let x = 618 - 619. List the prime factors of c(x).
2, 43
Suppose 11*r - 21180 = 39930 - 1787. What are the prime factors of r?
5393
Let c be 7/(-12)*-3 - 5/(-20). Suppose -1740 = c*w - 6*w. Suppose -17*y + 20*y = w. What are the prime factors of y?
5, 29
Let t = -100 + 103. Let c be t + (-7 - (-5 + 5)). List the prime factors of (-3 + 147/(-6))*c.
2, 5, 11
Suppose -3*t - 5*q = -1318, -3*t - 4*q = -3*q - 1322. List the prime factors of t.
3, 7
